{"id":97,"date":"2018-06-01T16:32:08","date_gmt":"2018-06-01T14:32:08","guid":{"rendered":"http:\/\/calm.fr\/new_website\/?page_id=97"},"modified":"2026-08-27T14:55:29","modified_gmt":"2026-08-27T12:55:29","slug":"about","status":"publish","type":"page","link":"http:\/\/calm.fr\/fr\/about\/","title":{"rendered":"Contact"},"content":{"rendered":"<p><\/p>\n<h1>\u00c0 Propos<\/h1>\n<p><strong>CALM<\/strong> est une soci\u00e9t\u00e9 ind\u00e9pendante de production cin\u00e9matographique et audiovisuelle qui d\u00e9veloppe des \u0153uvres originales \u00e0 la crois\u00e9e de l&rsquo;art, du documentaire et de la cr\u00e9ation contemporaine.<br \/>\nLa soci\u00e9t\u00e9 accompagne des auteurs et des r\u00e9alisateurs dans le d\u00e9veloppement de projets exigeants, destin\u00e9s au cin\u00e9ma, \u00e0 la t\u00e9l\u00e9vision, aux plateformes et aux dispositifs artistiques.<\/p>\n<p>Au fil de ses productions, <strong>CALM<\/strong> s&rsquo;est distingu\u00e9e par une approche originale du film d&rsquo;art et du documentaire de cr\u00e9ation, notamment \u00e0 travers la collection <em>Connexions<\/em>, produite pour France T\u00e9l\u00e9visions et r\u00e9compens\u00e9e dans de nombreux festivals internationaux.<\/p>\n<p><strong>CALM<\/strong> con\u00e7oit \u00e9galement des installations audiovisuelles et des cr\u00e9ations sc\u00e9nographiques destin\u00e9es \u00e0 des institutions culturelles et \u00e0 de grands \u00e9v\u00e9nements, parmi lesquels le <strong>Mus\u00e9e de la Tour de David<\/strong> \u00e0 J\u00e9rusalem, le <strong>Mus\u00e9e des impressionnistes<\/strong> \u00e0 Giverny ou encore les concerts de Myl\u00e8ne Farmer \u00e0 <strong>Bercy<\/strong> et Paris <strong>La D\u00e9fense Arena<\/strong>.<\/p>","protected":false},"excerpt":{"rendered":"<p>\u00c0 Propos CALM est une soci\u00e9t\u00e9 ind\u00e9pendante de production cin\u00e9matographique et audiovisuelle qui d\u00e9veloppe des \u0153uvres originales \u00e0 la crois\u00e9e de l&rsquo;art, du documentaire et de la cr\u00e9ation contemporaine. La soci\u00e9t\u00e9 accompagne des auteurs et des r\u00e9alisateurs dans le d\u00e9veloppement de projets exigeants, destin\u00e9s au cin\u00e9ma, \u00e0 la t\u00e9l\u00e9vision, aux plateformes et aux dispositifs artistiques. [&hellip;]<\/p>\n","protected":false},"author":1,"featured_media":250,"parent":0,"menu_order":0,"comment_status":"closed","ping_status":"closed","template":"page_ABOUT.php","meta":[],"yoast_head":"<!-- This site is optimized with the Yoast SEO plugin v16.4 - https:\/\/yoast.com\/wordpress\/plugins\/seo\/ -->\n<title>Contact - Calm<\/title>\n<meta name=\"robots\" content=\"index, nofollow, max-snippet:-1, max-image-preview:large, max-video-preview:-1\" \/>\n<link rel=\"canonical\" href=\"http:\/\/calm.fr\/fr\/about\/\" \/>\n<meta property=\"og:locale\" content=\"fr_FR\" \/>\n<meta property=\"og:type\" content=\"article\" \/>\n<meta property=\"og:title\" content=\"Contact - Calm\" \/>\n<meta property=\"og:description\" content=\"\u00c0 Propos CALM est une soci\u00e9t\u00e9 ind\u00e9pendante de production cin\u00e9matographique et audiovisuelle qui d\u00e9veloppe des \u0153uvres originales \u00e0 la crois\u00e9e de l&rsquo;art, du documentaire et de la cr\u00e9ation contemporaine. La soci\u00e9t\u00e9 accompagne des auteurs et des r\u00e9alisateurs dans le d\u00e9veloppement de projets exigeants, destin\u00e9s au cin\u00e9ma, \u00e0 la t\u00e9l\u00e9vision, aux plateformes et aux dispositifs artistiques. [&hellip;]\" \/>\n<meta property=\"og:url\" content=\"http:\/\/calm.fr\/fr\/about\/\" \/>\n<meta property=\"og:site_name\" content=\"Calm\" \/>\n<meta property=\"article:modified_time\" content=\"2026-08-27T12:55:29+00:00\" \/>\n<meta name=\"twitter:card\" content=\"summary_large_image\" \/>\n<meta name=\"twitter:image\" content=\"http:\/\/calm.fr\/new_website\/wp-content\/uploads\/bleucalm_4.jpg\" \/>\n<meta name=\"twitter:label1\" content=\"Dur\u00e9e de lecture est.\" \/>\n\t<meta name=\"twitter:data1\" content=\"1 minute\" \/>\n<script type=\"application\/ld+json\" class=\"yoast-schema-graph\">{\"@context\":\"https:\/\/schema.org\",\"@graph\":[{\"@type\":\"WebSite\",\"@id\":\"https:\/\/calm.fr\/#website\",\"url\":\"https:\/\/calm.fr\/\",\"name\":\"Calm\",\"description\":\"Bas\\u00e9e \\u00e0 Paris dans le Marais, Calm est une soci\\u00e9t\\u00e9 de production cr\\u00e9ative aux multiples champs d\\u2019action : Court et Long-m\\u00e9trages, Documentaires, Publicit\\u00e9s, Prints, Clips et Films projet\\u00e9s live sur tout supports (b\\u00e2timents architecturaux, \\u00e9crans g\\u00e9ants\\u2026.).\",\"potentialAction\":[{\"@type\":\"SearchAction\",\"target\":\"https:\/\/calm.fr\/?s={search_term_string}\",\"query-input\":\"required name=search_term_string\"}],\"inLanguage\":\"fr-FR\"},{\"@type\":\"ImageObject\",\"@id\":\"http:\/\/calm.fr\/fr\/about\/#primaryimage\",\"inLanguage\":\"fr-FR\",\"url\":\"http:\/\/calm.fr\/new_website\/wp-content\/uploads\/bleucalm_4.jpg\",\"contentUrl\":\"http:\/\/calm.fr\/new_website\/wp-content\/uploads\/bleucalm_4.jpg\"},{\"@type\":\"WebPage\",\"@id\":\"http:\/\/calm.fr\/fr\/about\/#webpage\",\"url\":\"http:\/\/calm.fr\/fr\/about\/\",\"name\":\"[:fr]Contact[:en]About[:] - Calm\",\"isPartOf\":{\"@id\":\"https:\/\/calm.fr\/#website\"},\"primaryImageOfPage\":{\"@id\":\"http:\/\/calm.fr\/fr\/about\/#primaryimage\"},\"datePublished\":\"2018-06-01T14:32:08+00:00\",\"dateModified\":\"2026-08-27T12:55:29+00:00\",\"breadcrumb\":{\"@id\":\"http:\/\/calm.fr\/fr\/about\/#breadcrumb\"},\"inLanguage\":\"fr-FR\",\"potentialAction\":[{\"@type\":\"ReadAction\",\"target\":[\"http:\/\/calm.fr\/fr\/about\/\"]}]},{\"@type\":\"BreadcrumbList\",\"@id\":\"http:\/\/calm.fr\/fr\/about\/#breadcrumb\",\"itemListElement\":[{\"@type\":\"ListItem\",\"position\":1,\"item\":{\"@id\":\"http:\/\/calm.fr\/fr\/about\/#webpage\"}}]}]}<\/script>\n<!-- \/ Yoast SEO plugin. -->","_links":{"self":[{"href":"http:\/\/calm.fr\/fr\/wp-json\/wp\/v2\/pages\/97"}],"collection":[{"href":"http:\/\/calm.fr\/fr\/wp-json\/wp\/v2\/pages"}],"about":[{"href":"http:\/\/calm.fr\/fr\/wp-json\/wp\/v2\/types\/page"}],"author":[{"embeddable":true,"href":"http:\/\/calm.fr\/fr\/wp-json\/wp\/v2\/users\/1"}],"replies":[{"embeddable":true,"href":"http:\/\/calm.fr\/fr\/wp-json\/wp\/v2\/comments?post=97"}],"version-history":[{"count":55,"href":"http:\/\/calm.fr\/fr\/wp-json\/wp\/v2\/pages\/97\/revisions"}],"predecessor-version":[{"id":3231,"href":"http:\/\/calm.fr\/fr\/wp-json\/wp\/v2\/pages\/97\/revisions\/3231"}],"wp:featuredmedia":[{"embeddable":true,"href":"http:\/\/calm.fr\/fr\/wp-json\/wp\/v2\/media\/250"}],"wp:attachment":[{"href":"http:\/\/calm.fr\/fr\/wp-json\/wp\/v2\/media?parent=97"}],"curies":[{"name":"wp","href":"https:\/\/api.w.org\/{rel}","templated":true}]}}

<p></p>
<h1>À Propos</h1>
<p><strong>CALM</strong> est une société indépendante de production cinématographique et audiovisuelle qui développe des œuvres originales à la croisée de l&rsquo;art, du documentaire et de la création contemporaine.<br />
La société accompagne des auteurs et des réalisateurs dans le développement de projets exigeants, destinés au cinéma, à la télévision, aux plateformes et aux dispositifs artistiques.</p>
<p>Au fil de ses productions, <strong>CALM</strong> s&rsquo;est distinguée par une approche originale du film d&rsquo;art et du documentaire de création, notamment à travers la collection <em>Connexions</em>, produite pour France Télévisions et récompensée dans de nombreux festivals internationaux.</p>
<p><strong>CALM</strong> conçoit également des installations audiovisuelles et des créations scénographiques destinées à des institutions culturelles et à de grands événements, parmi lesquels le <strong>Musée de la Tour de David</strong> à Jérusalem, le <strong>Musée des impressionnistes</strong> à Giverny ou encore les concerts de Mylène Farmer à <strong>Bercy</strong> et Paris <strong>La Défense Arena</strong>.</p>

<p>À Propos CALM est une société indépendante de production cinématographique et audiovisuelle qui développe des œuvres originales à la croisée de l&rsquo;art, du documentaire et de la création contemporaine. La société accompagne des auteurs et des réalisateurs dans le développement de projets exigeants, destinés au cinéma, à la télévision, aux plateformes et aux dispositifs artistiques. [&hellip;]</p>

<!-- This site is optimized with the Yoast SEO plugin v16.4 - https://yoast.com/wordpress/plugins/seo/ -->
<title>Contact - Calm</title>
<meta name="robots" content="index, nofollow, max-snippet:-1, max-image-preview:large, max-video-preview:-1" />
<link rel="canonical" href="http://calm.fr/fr/about/" />
<meta property="og:locale" content="fr_FR" />
<meta property="og:type" content="article" />
<meta property="og:title" content="Contact - Calm" />
<meta property="og:description" content="À Propos CALM est une société indépendante de production cinématographique et audiovisuelle qui développe des œuvres originales à la croisée de l&rsquo;art, du documentaire et de la création contemporaine. La société accompagne des auteurs et des réalisateurs dans le développement de projets exigeants, destinés au cinéma, à la télévision, aux plateformes et aux dispositifs artistiques. [&hellip;]" />
<meta property="og:url" content="http://calm.fr/fr/about/" />
<meta property="og:site_name" content="Calm" />
<meta property="article:modified_time" content="2026-08-27T12:55:29+00:00" />
<meta name="twitter:card" content="summary_large_image" />
<meta name="twitter:image" content="http://calm.fr/new_website/wp-content/uploads/bleucalm_4.jpg" />
<meta name="twitter:label1" content="Durée de lecture est." />
	<meta name="twitter:data1" content="1 minute" />
<script type="application/ld+json" class="yoast-schema-graph">{"@context":"https://schema.org","@graph":[{"@type":"WebSite","@id":"https://calm.fr/#website","url":"https://calm.fr/","name":"Calm","description":"Bas\u00e9e \u00e0 Paris dans le Marais, Calm est une soci\u00e9t\u00e9 de production cr\u00e9ative aux multiples champs d\u2019action : Court et Long-m\u00e9trages, Documentaires, Publicit\u00e9s, Prints, Clips et Films projet\u00e9s live sur tout supports (b\u00e2timents architecturaux, \u00e9crans g\u00e9ants\u2026.).","potentialAction":[{"@type":"SearchAction","target":"https://calm.fr/?s={search_term_string}","query-input":"required name=search_term_string"}],"inLanguage":"fr-FR"},{"@type":"ImageObject","@id":"http://calm.fr/fr/about/#primaryimage","inLanguage":"fr-FR","url":"http://calm.fr/new_website/wp-content/uploads/bleucalm_4.jpg","contentUrl":"http://calm.fr/new_website/wp-content/uploads/bleucalm_4.jpg"},{"@type":"WebPage","@id":"http://calm.fr/fr/about/#webpage","url":"http://calm.fr/fr/about/","name":"[:fr]Contact[:en]About[:] - Calm","isPartOf":{"@id":"https://calm.fr/#website"},"primaryImageOfPage":{"@id":"http://calm.fr/fr/about/#primaryimage"},"datePublished":"2018-06-01T14:32:08+00:00","dateModified":"2026-08-27T12:55:29+00:00","breadcrumb":{"@id":"http://calm.fr/fr/about/#breadcrumb"},"inLanguage":"fr-FR","potentialAction":[{"@type":"ReadAction","target":["http://calm.fr/fr/about/"]}]},{"@type":"BreadcrumbList","@id":"http://calm.fr/fr/about/#breadcrumb","itemListElement":[{"@type":"ListItem","position":1,"item":{"@id":"http://calm.fr/fr/about/#webpage"}}]}]}</script>
<!-- / Yoast SEO plugin. -->
